ase 12) to base 9.
-527
What is ec (base 16) in base 14?
12c
Convert 1111011100001001 (base 2) to base 14.
19093
-1312 (base 6) to base 12
-238
What is -66616 (base 7) in base 13?
-7831
Convert -2144 (base 7) to base 10.
-767
4843 (base 9) to base 2
111000010011
What is -248 (base 11) in base 14?
-170
Convert -14d3 (base 15) to base 3.
-20010200
What is 523253 (base 6) in base 14?
11561
Convert 41b63 (base 12) to base 3.
11101102110
What is -21 (base 10) in base 5?
-41
What is -38021 (base 10) in base 14?
-dbdb
Convert 11a46 (base 11) to base 16.
4350
-1cd4 (base 14) to base 11
-3a72
What is 1001133 (base 4) in base 16?
105f
-11140 (base 8) to base 4
-1021200
Convert 2321412 (base 5) to base 8.
122173
-22122302 (base 4) to base 6
-525322
What is -6368 (base 14) in base 3?
-212111222
-48658 (base 10) to base 9
-73664
Convert -11821 (base 10) to base 14.
-4445
Convert -411 (base 7) to base 10.
-204
-1661 (base 15) to base 7
-20020
What is 145164 (base 9) in base 7?
520462
What is -8 (base 15) in base 7?
-11
Convert 12230 (base 5) to base 8.
1654
2233203 (base 4) to base 5
324420
358 (base 11) to base 5
3201
3220 (base 6) to base 2
1011011100
363 (base 9) to base 5
2200
What is -1210200211 (base 3) in base 2?
-1000101010101100
What is -1011101110100 (base 2) in base 6?
-43444
What is -6560 (base 7) in base 15?
-a65
What is 11004 (base 7) in base 3?
10202210
What is 313 (base 9) in base 2?
11111111
Convert -4565 (base 7) to base 9.
-2248
10b (base 16) to base 2
100001011
What is -1301 (base 6) in base 13?
-1c0
Convert 3755 (base 10) to base 5.
110010
10010010001 (base 2) to base 11
973
What is 222030 (base 4) in base 16?
a8c
What is 100101000 (base 2) in base 14?
172
What is -40c (base 13) in base 10?
-688
Convert 20200001 (base 3) to base 9.
6601
What is -12424 (base 5) in base 16?
-3dd
What is -fe9 (base 16) in base 12?
-2435
Convert -22403 (base 10) to base 15.
-6988
What is 27790 (base 10) in base 11?
19974
Convert 21012111 (base 4) to base 5.
2143034
Convert 100101022 (base 3) to base 11.
5158
Convert 16896 (base 10) to base 9.
25153
Convert 31112321 (base 4) to base 6.
1101145
-ac7d (base 14) to base 16
-74cf
What is -14d8 (base 15) in base 14?
-18bc
-1034 (base 10) to base 3
-1102022
Convert -a73 (base 14) to base 16.
-80d
Convert 532246 (base 7) to base 16.
16798
Convert -235 (base 13) to base 4.
-11332
Convert -13132 (base 4) to base 12.
-33a
42838 (base 9) to base 12
14515
Convert -41a (base 15) to base 9.
-1237
-322c (base 16) to base 15
-3c14
What is -1011000111001 (base 2) in base 12?
-3361
-8a59 (base 14) to base 13
-abc6
Convert 241 (base 7) to base 15.
87
-111000001 (base 2) to base 14
-241
Convert 10022011121 (base 3) to base 13.
23785
What is -21914 (base 10) in base 9?
-33048
What is a93 (base 14) in base 12?
1261
Convert -130510 (base 6) to base 5.
-334400
What is -4423 (base 5) in base 2?
-1001100101
What is 48c (base 14) in base 5?
12113
Convert 94 (base 13) to base 10.
121
What is -144453 (base 6) in base 14?
-5161
What is -34714 (base 8) in base 5?
-433141
Convert -11100202 (base 3) to base 14.
-1231
What is -10011 (base 3) in base 2?
-1010101
Convert 8970 (base 12) to base 9.
22763
-1001100101100111 (base 2) to base 6
-501451
Convert 56916 (base 10) to base 4.
31321110
1200221111 (base 3) to base 15
9dcd
What is -626 (base 9) in base 7?
-1326
-100110101111 (base 2) to base 15
-b04
What is 6751 (base 8) in base 14?
1425
What is 2057a (base 11) in base 9?
45104
-296c (base 13) to base 3
-22020102
30033 (base 4) to base 12
553
Convert 84a1 (base 11) to base 10.
11243
2400 (base 7) to base 13
52b
Convert -243 (base 12) to base 14.
-1a3
Convert 13234 (base 5) to base 14.
565
What is 10225 (base 6) in base 16?
569
-14166 (base 12) to base 15
-83d0
Convert 110102 (base 3) to base 14.
19d
What is 40000 (base 5) in base 6?
15324
827 (base 9) to base 4
22201
-10224 (base 5) to base 14
-373
-53b6 (base 12) to base 14
-34dc
What is -23013 (base 4) in base 3?
-222100
Convert -2b15 (base 12) to base 15.
-1772
39 (base 16) to base 11
52
What is 2a24 (base 15) in base 6?
105454
Convert 3d1 (base 14) to base 7.
2151
What is -b88 (base 14) in base 6?
-14312
-1b43 (base 12) to base 10
-3363
What is -540 (base 10) in base 5?
-4130
-2cc (base 13) to base 15
-23b
What is -1847 (base 14) in base 5?
-120000
Convert -586 (base 10) to base 13.
-361
Convert -13046 (base 8) to base 6.
-42130
Convert 257 (base 8) to base 5.
1200
What is 155333 (base 7) in base 3?
1120002222
Convert 275 (base 15) to base 11.
46a
16306 (base 7) to base 12
2804
Convert -28a (base 12) to base 14.
-202
What is -36a1 (base 14) in base 15?
-2c69
Convert 112020 (base 3) to base 15.
1a9
1110010101 (base 2) to base 13
557
What is -11202000 (base 3) in base 2?
-110110000000
Convert 6022 (base 10) to base 6.
43514
-1002042 (base 5) to base 14
-5b17
What is -516 (base 7) in base 2?
-100000010
-131 (base 6) to base 8
-67
Convert 299 (base 14) to base 10.
527
-1cd5 (base 14) to base 7
-21255
Convert -1bb (base 12) to base 7.
-560
What is -e30 (base 16) in base 11?
-2802
-25a9 (base 11) to base 10
-3386
-23303113 (base 4) to base 15
-e4cd
What is 37683 (base 11) in base 7?
313413
-2001201 (base 3) to base 5
-22004
613 (base 10) to base 15
2ad
-501 (base 7) to base 13
-15c
What is -144221 (base 5) in base 12?
-36b6
What is 382 (base 12) in base 11?
442
9307 (base 12) to base 6
202011
What is -684 (base 9) in base 5?
-4222
What is -3051 (base 7) in base 13?
-63c
Convert 11231202 (base 4) to base 6.
300150
Convert 752 (base 8) to base 13.
2b9
82 (base 16) to base 3
11211
What is 112501 (base 7) in base 6?
233124
2431 (base 10) to base 6
15131
What is 1022 (base 3) in base 13?
29
Convert 1969 (base 10) to base 3.
2200221
-150 (base 16) to base 8
-520
-1002020 (base 3) to base 16
-315
-1622 (base 10) to base 12
-b32
-85a5 (base 11) to base 13
-5236
-ae62 (base 15) to base 4
-21002000
What is 320132 (base 5) in base 10?
10667
7862 (base 9) to base 10
5807
16c (base 16) to base 14
1c0
-2003321 (base 4) to base 10
-8441
What is 7723 (base 9) in base 5?
140231
-1000122 (base 3) to base 15
-34b
8ada (base 15) to base 10
29455
What is -11010110010001 (base 2) in base 6?
-143253
What is -356 (base 14) in base 16?
-298
What is -2110201 (base 3) in base 15?
-801
Convert -3415 (base 6) to base 5.
-11203
-1143431 (base 5) to base 16
-54ed
-15d (base 16) to base 3
-110221
2072 (base 9) to base 13
902
Convert 132021 (base 4) to base 12.
1149
Convert 24424 (base 5) to base 14.
972
-23d (base 15) to base 6
-2204
Convert -12228 (base 10) to base 4.
-2333010
Convert -43d (base 16) to base 11.
-8a7
Convert -3589 (base 11) to base 8.
-11127
Convert 1122144 (base 5) to base 10.
20299
What is 2002211 (base 3) in base 14?
7b8
Convert 15312 (base 12) to base 9.
44815
Convert -3212 (base 6) to base 15.
-338
What is 210022 (base 3) in base 12?
3bb
What is 1112202 (base 3) in base 16?
467
-342 (base 14) to base 15
-2d1
What is 51145 (base 9) in base 6?
415452
-1110001110011 (base 2) to base 10
-7283
Convert 12054 (base 6) to base 9.
2367
What is 54100 (base 6) in base 4?
1303110
5 (base 6) to base 12
5
What is -332144 (base 6) in base 4?
-12301000
Convert 1197 (base 12) to base 2.
11111000011
1223 (base 7) to base 13
293
Convert -6d3 (base 16) to base 13.
-a45
Convert -15524 (base 6) to base 13.
-122b
-53c (base 13) to base 4
-32000
Convert 2201 (base 12) to base 13.
1921
What is -8d (base 15) in base 9?
-157
340321 (base 5) to base 15
3826
83e6 (base 15) to base 4
12303303
What is -50345 (base 6) in base 10?
-6617
What is -220021210 (base 3) in base 9?
-26253
2463 (base 9) to base 14
955
Convert -302 (base 12) to base 3.
-121002
Convert -146322 (base 7) to base 2.
-110111111011000
Convert 188 (base 9) to base 3.
12222
What is 2130 (base 9) in base 3?
2011000
Convert -101111000101 (base 2) to base 15.
-d5d
2386 (base 14) to base 15
1c7e
What is 312 (base 7) in base 8?
234
133211 (base 5) to base 16
1537
a2a (base 12) to base 13
895
Convert 10000001010101 (base 2) to base 15.
26bc
-28234 (base 10) to base 13
-cb0b
What is 652 (base 12) in base 8?
1636
23b6 (base 13) to base 12
2b0a
Convert -6788 (base 9) to base 13.
-2393
Convert 222020020 (base 3) to base 7.
106515
-8662 (base 13) to base 3
-221121111
Convert